*l + 31 = q, -4*q = 3*l - 2*q - w. What is the units digit of l?
7
Let t(o) = o**3 + 6*o**2 - o - 4. Let x be t(-6). Let r = x + -2. Suppose -5*v + r*v + 51 = -4*y, y = -3*v + 34. What is the units digit of v?
1
Let g(t) = t**3 + 6*t**2 - 8*t - 6. Let p be 2/(2/3) - 10. What is the units digit of g(p)?
1
What is the units digit of (-26 - -8)*(0 - (-22)/(-4))?
9
Let j(v) = v**3 + 7*v**2 + 6*v + 7. Let y = -14 + 9. What is the units digit of j(y)?
7
Suppose 4*d + 2*l + 10 = 0, -4 = 4*d - l - 3. Let s(y) = -57*y + 1. What is the tens digit of s(d)?
5
Suppose -5*p = 3*x - 91, 5*p - 12 = -x + 75. What is the tens digit of p?
1
Suppose -5*l = -5*u + 270, 0 = -4*u - 3*l + 183 + 40. What is the tens digit of u?
5
Let y be (3 + -4 - 6)/(-1). Let k = 1 + y. What is the units digit of k?
8
Suppose 0 = -5*x + 964 + 11. What is the tens digit of x?
9
Let g(t) = t**3 + 2*t**2 + 4. Let y be g(-3). Let w = y + 8. Suppose -2*k = d - 4, w*d + 3*k - k - 8 = 0. What is the units digit of d?
2
Suppose j = b - 23, -3*j + j = 3*b - 69. What is the tens digit of b?
2
Let y be (2/(-3))/(7/105). Let o(p) = -p**3 - 10*p**2 + p - 12. Let d be o(y). Let r = -15 - d. What is the units digit of r?
7
Let y(j) = 8*j**2 - 5*j - 2. Let i(c) = -15*c**2 + 9*c + 4. Let d(u) = 6*i(u) + 11*y(u). Let b be d(2). Let s = 0 - b. What is the units digit of s?
8
Let j(a) = -8*a + 3. What is the units digit of j(-3)?
7
Let c be 12/(-54) + 490/18. Let k be 222/c + (-2)/9. Let t(u) = u**3 - 8*u**2 + 3*u - 11. What is the units digit of t(k)?
3
Let y = -3 - -8. Suppose -4*p = 5*w - 2*p + 5, -2*w - 2 = y*p. Let b = 3 - w. What is the units digit of b?
4
Let u be (-4)/14 - 16/(-7). Suppose u*t + 2 = t. What is the units digit of 29/2 - (-1)/t?
4
Let p be 1/2 - 10/(-4). Suppose -p*n + 18 = -n. What is the units digit of n?
9
Let c(d) = -d**2 - 7*d + 8. Let u be (-168)/30 - (-2)/(-5). What is the units digit of c(u)?
4
Let m(d) = -5*d + 7. Let w(s) = -2*s + 6 - 4*s + 0. Let t(h) = 5*m(h) - 4*w(h). What is the units digit of t(9)?
2
Let y = -2 - -2. Let a = 3 + y. Let v = a + 0. What is the units digit of v?
3
Suppose 4*n - 3*d - 125 = 0, -5*d = -n + 3*n - 95. What is the units digit of n?
5
What is the tens digit of ((-22)/(-55))/((-1)/(-155))?
6
Let p be -1 - 0 - (-1 - -1). Let q = p + 3. Suppose 0 = w - 0*w - l, q*l = 2. What is the units digit of w?
1
Let t(q) = 9 - 3*q - q**3 - 3 - 3*q**2 + 3*q + 2*q. Let d be t(-4). Suppose 4*o - 22 = d. What is the units digit of o?
9
Let z = -4 + 9. Suppose 3*r - z = 4. Suppose 2*i + 4*p = p + 17, i = r*p - 14. What is the units digit of i?
1
What is the units digit of 1406/14 + -1 + (-8)/(-14)?
0
Suppose 4*k - 221 - 139 = 0. What is the units digit of k?
0
Suppose -2*q - 240 = -6*q. What is the tens digit of q?
6
Suppose -3*f + 15 = 0, 4*f - 8 + 3 = -u. Let l = 1 - u. What is the units digit of l?
6
Suppose 3 = -4*u - 5. Let j = u + 4. What is the units digit of j?
2
Let s = -18 + 60. Suppose s + 148 = 5*d. What is the units digit of d?
8
Suppose 11*f - 13*f = -12. Suppose p - 2 = m, -m - p - p + 10 = 0. Let r = f - m. What is the units digit of r?
4
Suppose 5*l = -k - 2*k - 27, -k + 19 = -3*l. Let o = -4 - l. Suppose -10 = -o*u - 2*s, 0*u = 3*u + 5*s - 17. What is the units digit of u?
4
Suppose 9 = -l - d, 0 = -2*l - 5*d - 4 - 11. Let x = 4 - l. What is the tens digit of x?
1
Suppose -3*m + 7 = -11. What is the units digit of (8/m)/((-6)/(-27))?
6
Let g = 9 - 8. Let u = 12 + g. What is the tens digit of u?
1
Let s = 0 + 3. Let w(v) = 4*v**2 - 3*v + 3. Let y be w(s). Suppose -4*u - 2 + y = 0. What is the units digit of u?
7
Suppose 3*b = 3*n + 162, -4*b - 83 = -2*n - 303. What is the units digit of (-6)/10 - b/(-10)?
5
Let i(j) = -j**3 + 9*j**2 + 6*j + 1. What is the tens digit of i(5)?
3
Let w be 17/(-2) - 3/(-2). What is the tens digit of (-2580)/(-84) - 2/w?
3
Let x(i) = 11*i**2 - i. Let g(y) be the second derivative of y**3/3 - 3*y**2/2 - y. Let u be g(2). What is the units digit of x(u)?
0
Suppose 5*m - 5*f = -10*f + 60, -4*f = 16. Suppose 24 = -4*o - s, -5*o = s + 15 + m. Let n = o + 17. What is the tens digit of n?
1
Let x = 6 - 4. Let h = -1 + x. What is the units digit of h?
1
Suppose -4*s + 170 = -0*r + 3*r, 0 = 3*r - 6. What is the units digit of s?
1
Let u(q) = -q**2 + 3*q + 39. What is the units digit of u(0)?
9
Let w(r) = -r**2 + 4*r + 2. Let j be w(5). Let h = j - -14. What is the units digit of h?
1
Suppose -5*h - 4*m = -35, 3*h - 6*m = -m - 16. Let u = 6 - h. Let f = 10 - u. What is the units digit of f?
7
Let i = 23 + 13. What is the tens digit of i?
3
What is the units digit of (-4)/18 + (-1258)/(-153)?
8
Let r(g) = -4*g - 31. Let a(x) = x + 6. Let f(b) = -11*a(b) - 2*r(b). What is the units digit of f(-4)?
8
Let v be (-1)/(-1) + -1 - 0. Let i = v - -4. Suppose -41 = -3*t + 2*s - i*s, -2*s = t - 19. What is the units digit of t?
1
Let v(o) = -9*o**2 + o**3 + 7 + 2 + 11*o + 2 - 21. What is the tens digit of v(8)?
1
What is the hundreds digit of ((-6)/(-15))/(1/425)?
1
Let m(z) = -3*z**2 - 3*z - 3. Let i be m(-3). What is the tens digit of 6/i + 72/7?
1
Let a be 2/1*31/2. Let r = a - 16. What is the tens digit of r?
1
Let h(v) = -v**3 + 10*v**2 + 6. What is the units digit of h(10)?
6
Suppose -2*i - 2*r = -3*i + 1, -5*r + 2 = -i. Suppose k - 2 = 0, -2*k + 37 + 6 = i*q. What is the tens digit of q?
1
Let i(y) be the third derivative of y**4/3 - y**3/3 - 2*y**2. What is the units digit of i(3)?
2
Let c be (40/3)/((-2)/(-6)). Suppose -3*p = 2*p - c. What is the units digit of p?
8
Let s = 22 + 47. What is the units digit of s?
9
Let j(o) = 8*o. Let k be j(6). Suppose a - k = -a. What is the units digit of a?
4
Suppose 2*u + 15 = 3*l, 5*l - 23 = -4*u + 2. Suppose 0 = f - 3, 10 + 23 = 2*h + l*f. What is the units digit of (18/(h/(-3)))/(-2)?
3
Let u = -3 - -74. What is the tens digit of u?
7
Let m(o) = -5*o - 4. Let z(a) = 1. Let p(u) = -m(u) - 6*z(u). What is the units digit of p(2)?
8
Let b = -115 + 171. What is the tens digit of b?
5
Suppose -2*d + 5 + 7 = 0. Let u = d - -7. What is the tens digit of u?
1
Suppose 3*y - 52 = -y. Let g = y - 7. What is the units digit of g?
6
Suppose 5*v + 3*g + g = 0, 0 = -5*g - 25. Suppose -k + 6 + v = -h, 10 = k + h. Let a = 6 + k. What is the units digit of a?
6
Let g be 30/6 + (0 - -1). What is the units digit of (8/g)/(6/27)?
6
Suppose 0 = 4*r - r - 126. Let d be ((-50)/2)/(0 - 1). Let s = r - d. What is the units digit of s?
7
Let j(c) = 12*c**2 - 3*c - 41. What is the hundreds digit of j(-6)?
4
Suppose -4*j = 2*m - 20, -j - m - 25 = -6*j. Suppose -2*r + j = 1. Suppose 0 = -r*x + 5*x - 24. What is the units digit of x?
8
Let y(o) = -o + 7*o - 4*o**3 + o**3 + 2*o**3 + 5*o**2 + 3. Let h be y(6). Suppose -1 = -h*r + 2. What is the units digit of r?
1
Let r be (-20)/(-2) + (-2)/2. Let s be 19 + (22/(-33) - (-2)/3). Let a = s - r. What is the units digit of a?
0
Suppose 112 = 5*n - j, -4*j = -4*n - 0*n + 96. What is the tens digit of 0 - (3 + -4)*n?
2
Let x = -13 - -28. Suppose 3*q - x = -6. Let b = q + 14. What is the units digit of b?
7
Suppose 4*x + 5*y - 39 = -9, -4*x = 2*y - 24. Suppose -3*p = 4*i - i - 24, -4*i = x*p - 36. What is the units digit of p?
4
Let k = -24 + 12. Let d = 7 - k. What is the tens digit of d?
1
Suppose 0 = 3*f + 2*r - 163, -3*r = 5*f - 2*f - 159. What is the units digit of f?
7
Let m(t) = -t**3 - 7*t**2 + 8*t + 2. Let s be m(-9). Suppose 4*h - 2*d + 4*d = s, d = 2*h - 38. What is the units digit of 4/(-3)*h/(-7)?
4
Suppose -3*b - q + 14 = 0, 3*q - 8 = -b + 2*q. Suppose 0 = -2*l + y + 35, 0 = -b*l + 5*l + 4*y - 20. What is the tens digit of l?
1
Let a be (3/(-4))/(1/(-4)). Let f(x) = 0*x**3 - 4*x**3 + 3*x**3 - a - 2*x**2. What is the units digit of f(-3)?
6
Let c(y) = -2*y**2 - 2*y + 199. What is the units digit of c(0)?
9
Suppose 2*z = -201 + 753. What is the units digit of z?
6
Suppose u - 22 = -u. What is the tens digit of u?
1
Suppose 42 = 3*g + 12. What is the units digit of (g - 9)/((-1)/(-12))?
2
Let u = -22 + 63. What is the units digit of u?
1
Let p(a) = 2*a. Let u be p(-2). Let d be u - -2 - -2 - 13. What is the units digit of ((-8)/(-2))/(-2) - d?
1
Suppose -2*o + 8 = 2. Suppose 4*g = -o*u + 121, 3*u - 8 = -23. What is the tens digit of g?
3
Let n = -15 - -22. Le